4157661653 composite?
True
Is 111945010867 a prime number?
False
Is 361271549 composite?
False
Is 867327313 a composite number?
False
Is 99148919 a prime number?
True
Is 10577024999 composite?
False
Is 981227579 prime?
True
Is 1187212361 composite?
False
Is 1197493891 prime?
False
Is 1179678265 composite?
True
Is 10713405371 a prime number?
True
Is 7239229787 prime?
True
Is 1341889567 a prime number?
True
Is 1072390669 composite?
True
Is 7687474831 prime?
False
Is 241949881 composite?
False
Is 1513435247 a composite number?
True
Is 13653760053 prime?
False
Is 820317929 a composite number?
True
Is 85696982663 a prime number?
True
Is 23677049839 composite?
True
Is 566338687 prime?
False
Is 2168965147 a prime number?
False
Is 11618073091 prime?
False
Is 30489640771 a prime number?
True
Is 2665355141 prime?
False
Is 117057067 composite?
False
Is 605422931 a prime number?
True
Is 2096291123 composite?
True
Is 20145124943 composite?
True
Is 3429580607 composite?
True
Is 171070051 a composite number?
False
Is 1877179471 a prime number?
True
Is 4827869521 composite?
False
Is 29449470539 composite?
False
Is 99625185427 a composite number?
False
Is 32332595143 prime?
True
Is 20665016717 a composite number?
False
Is 136797966287 prime?
True
Is 736682567 prime?
False
Is 30518086379 a composite number?
True
Is 24783980147 a composite number?
False
Is 16987660379 a prime number?
True
Is 423715367 a composite number?
False
Is 1032195893 a composite number?
True
Is 1032396611 a composite number?
True
Is 281903543 composite?
False
Is 50764433393 a prime number?
False
Is 2722080797 a composite number?
True
Is 72255333067 prime?
True
Is 54655331 a composite number?
False
Is 8862613711 composite?
True
Is 3370765169 a composite number?
False
Is 12398794711 composite?
True
Is 49440104113 a composite number?
True
Is 9233833549 a prime number?
False
Is 37386915691 a composite number?
False
Is 2378410973 a composite number?
False
Is 32943541663 a prime number?
True
Is 6510460469 a prime number?
True
Is 1506605993 a composite number?
False
Is 31282272757 a composite number?
False
Is 29407585 a composite number?
True
Is 1438922237 a prime number?
True
Is 1560116443 a composite number?
False
Is 5091388231 a composite number?
False
Is 177949333861 a composite number?
True
Is 11438496401 a composite number?
True
Is 720851 a composite number?
True
Is 14204779 a prime number?
True
Is 616268753 a composite number?
False
Is 38469160883 composite?
True
Is 2193218947 prime?
True
Is 116768115787 a composite number?
True
Is 818432981 a composite number?
True
Is 105530741 composite?
False
Is 1056619763 composite?
False
Is 1591523669 a composite number?
True
Is 493383769 prime?
False
Is 2079569005 a prime number?
False
Is 27853672621 a composite number?
True
Is 3906735431 prime?
False
Is 284409673 prime?
True
Is 1204792777 prime?
True
Is 58481363 composite?
False
Is 2284279469 prime?
False
Is 6558422833 composite?
False
Is 352519078 a composite number?
True
Is 775357733 a prime number?
False
Is 220950091 composite?
True
Is 44643457751 a composite number?
False
Is 486623867 a composite number?
True
Is 19377069617 a composite number?
True
Is 14176320529 a prime number?
False
Is 396112537 prime?
False
Is 30255334387 a composite number?
False
Is 1296038551 composite?
False
Is 154963481 a composite number?
False
Is 40211518583 prime?
True
Is 4332790177 a prime number?
True
Is 36294117226 prime?
False
Is 2098081627 a composite number?
False
Is 4375795027 a prime number?
True
Is 4843721809 a composite number?
False
Is 221903581481 a prime number?
True
Is 964471379 a composite number?
True
Is 2378926397 a composite number?
True
Is 36239048057 a prime number?
False
Is 1499336243 composite?
False
Is 15721878379 a prime number?
True
Is 7622128253 a composite number?
False
Is 1967340703 composite?
False
Is 12281902949 a prime number?
False
Is 165075067 a composite number?
False
Is 2929605691 composite?
True
Is 203578151779 prime?
True
Is 614333779 a composite number?
False
Is 2525517067 prime?
True
Is 4802974883 a prime number?
False
Is 145455596477 composite?
False
Is 121365229 composite?
False
Is 63721139 prime?
False
Is 985954733 composite?
True
Is 5339200847 a prime number?
False
Is 10775929699 composite?
False
Is 7208982169 a prime number?
True
Is 134354125621 a composite number?
False
Is 2387059391 composite?
False
Is 31896170221 a composite number?
False
Is 265404703 composite?
False
Is 2139324659 a composite number?
True
Is 25046671879 composite?
False
Is 2237920417 a prime number?
False
Is 123792307619 composite?
True
Is 58093233461 composite?
False
Is 315851933 prime?
True
Is 14250078371 composite?
True
Is 5616973627 a composite number?
False
Is 9239145397 a composite number?
True
Is 318075679 prime?
True
Is 1917552223 a composite number?
False
Is 36273303991 a prime number?
True
Is 15642903943 composite?
True
Is 661867193 a composite number?
True
Is 17683561927 a composite number?
True
Is 550595051 a composite number?
False
Is 1385584741 a composite number?
False
Is 15624098911 prime?
True
Is 578701297 a composite number?
True
Is 384490481 composite?
False
Is 79372932431 composite?
True
Is 8506908439 a prime number?
False
Is 132728143049 a prime number?
False
Is 2469135687 a composite number?
True
Is 18041924806 prime?
False
Is 12510456029 prime?
True
Is 18145882319 composite?
False
Is 2869888219 prime?
False
Is 1651165687 a composite number?
False
Is 59784883057 composite?
False
Is 58480930589 composite?
True
Is 1601111819 composite?
False
Is 426620983 a composite number?
True
Is 2621445899 a prime number?
True
Is 14517332597 a composite number?
True
Is 559201873 a prime number?
True
Is 5024875081 a composite number?
False
Is 3407130227 composite?
False
Is 128997207809 a prime number?
True
Is 2928509807 composite?
True
Is 922581589 a prime number?
False
Is 898710314 a prime number?
False
Is 184640644709 composite?
True
Is 511520392579 a prime number?
False
Is 18760594649 composite?
False
Is 125935054061 prime?
True
Is 11816089993 composite?
False
Is 939015001 a composite number?
False
Is 76542784577 a composite number?
True
Is 33187995019 composite?
False
Is 3231992182 a prime number?
False
Is 58762021421 composite?
False
Is 10539245477 prime?
False
Is 14340618253 composite?
True
Is 2895899191 a composite number?
True
Is 55746969743 composite?
False
Is 34032862843 a composite number?
True
Is 27863169979 a composite number?
True
Is 9356080249 prime?
True
Is 1449445409 prime?
True
Is 10765842457 prime?
True
Is 3918135385 prime?
False
Is 1647504769 a composite number?
True
Is 1984474153 a prime number?
True
Is 1959146551 composite?
True
Is 4252526147 composite?
False
Is 8947171159 a composite number?
False
Is 32805411251 a prime number?
False
Is 999424561 a composite number?
False
Is 1049801707 prime?
True
Is 885460663 a prime number?
True
Is 24128980021 a prime number?
True
Is 969268597 prime?
False
Is 678195743 composite?
True
Is 1304754611 a prime number?
True
Is 4774373859 a prime number?
False
Is 9847401449 a composite number?
False
Is 11137273685 a composite number?
True
Is 10258011101 a composite number?
True
Is 877930373 composite?
False
Is 36700230769 prime?
True
Is 180438620533 a composite number?
False
Is 4192826891 composite?
True
Is 2674686787 composite?
True
Is 4371462413 prime?
False
Is 44596376567 a prime number?
True
Is 14327060623 composite?
True
Is 17484807511 a composite number?
True
Is 506223341 prime?
False
Is 65165153981 a composite number?
False
Is 27763553 composite?
True
Is 580732171 a prime number?
False
Is 4847984447 a prime number?
True
Is 307296697 prime?
True
Is 1817766761 a prime number?
True
Is 824762989 prime?
True
Is 55132799 composite?
True
Is 2458256909 prime?
True
Is 36735301 composite?
True
Is 588487297 prime?
True
Is 89629453 composite?
True
Is 3508432789 composite?
True
Is 43225148851 a composite number?
True
Is 2039401783 a composite number?
True
Is 10112463791 a prime number?
True
Is 241231387 prime?
False
Is 117625967 composite?
False
Is 2084663333 composite?
True
Is 12607211107 composite?
True
Is 2341192727 prime?
True
Is 5588074145 a prime number?
False
Is 28467362219 a composite number?
True
Is 14263761619 a prime number?
True
Is 8330